5. Let p = g - -371. What is the tens digit of p?
0
Let j = -90 - -102. Suppose -j*m + 13 = -23. Suppose 51 = m*f - 9. What is the units digit of f?
0
Let c be 2 - (2 + 0 + -1). Let o be (9/6)/(c/(-6))*3. Let h = o - -93. What is the units digit of h?
6
Suppose -133*v = -136*v - 3*z + 47166, -5*z - 15752 = -v. What is the thousands digit of v?
5
Let a(l) be the first derivative of -481*l**4/2 + l**2 + 2*l + 196. What is the units digit of a(-1)?
2
Let z(o) = -8*o - 36. Let j be z(-5). What is the units digit of j/28 - (-3 + 12636/(-42))?
4
Let z(b) = 384*b - 4. Let k be z(1). Let j = -197 + k. What is the hundreds digit of j?
1
Let k = 8993 - -19510. What is the ten thousands digit of k?
2
Suppose 5*v + 4*o - 48647 = 0, 3*v + 92*o = 97*o + 29166. What is the hundreds digit of v?
7
Let x(j) = 173*j + 371. What is the tens digit of x(20)?
3
Let g = 15023 - 11052. What is the tens digit of g?
7
Let p(j) = -2*j**3 - 41*j**2 + 7*j - 6. Let v be p(-20). Let y = v + 1126. What is the tens digit of y?
8
Suppose -204*i - 5918 = -206*i + 4*z, z = -2*i + 5913. What is the hundreds digit of i?
9
Suppose 0 = 389*j - 394*j + 240. What is the units digit of j?
8
Suppose -5*k + 111409 = 13*n - 15*n, 22286 = k - n. What is the hundreds digit of k?
2
Let j(q) = -2*q**2 + 23*q - 49. Let a be j(8). Suppose a*w - 4393 = -522. What is the tens digit of w?
5
Let g = -1755 - -1194. Let c = -371 - g. What is the tens digit of c?
9
Let x = 12 + -11. Suppose -3*i + 11 = -x. Suppose -3*n + 202 = v, 0 = -i*n + 3*v - 4*v + 269. What is the units digit of n?
7
Let v be (32/2 + -1)*-5. Let s be v/2 - 1 - (-12)/24. Let t = 7 - s. What is the tens digit of t?
4
Suppose 2*j - 20 = -4*g, -4*g = -5*g - 4. Suppose -24*u + j*u + 3696 = 0. What is the tens digit of u?
1
Suppose -22*r - 44609 + 131427 + 76730 = 0. What is the thousands digit of r?
7
Let h = 119 + -72. Let k = h - 47. Let i(x) = -2*x**2 - x + 124. What is the units digit of i(k)?
4
Suppose 9*c - 40 = -c. Suppose 0 = c*m + z - 617 - 244, -5*z = 15. What is the tens digit of m?
1
Suppose -9*b - t - 27 = -7*b, -4*b - 5*t - 51 = 0. Let p = 35 + b. What is the tens digit of p?
2
Suppose 331 = 9*j - 2009. Suppose -r + 117 = -j. Suppose 4*n = 4*q - q + r, -5*q = 2*n - 169. What is the tens digit of n?
9
Let w(s) = 45*s + 277 + 2*s - 108 + 30*s + 6*s. What is the units digit of w(15)?
4
Suppose i - 279 = -3*v + 3*i, -5*v = i - 465. Suppose 17 = -2*l + v. Suppose 0 = -3*n + 4*j + l, -n - 3*j - 1 + 5 = 0. What is the tens digit of n?
1
Let n = 2939 + -2940. Let l(o) = -2*o - 3*o**2 + 3 - 2 - 102*o**3 - 2. What is the hundreds digit of l(n)?
1
Let n(c) = 811*c**2 + 3*c + 2. Let x be n(1). Suppose 3*h = -h + x. Suppose 27 + h = k. What is the tens digit of k?
3
Let k = 83229 + -39913. What is the thousands digit of k?
3
Suppose 18*f - 15804 = 12690. What is the hundreds digit of f?
5
Let s(t) = 3*t**2 + 333*t + 600. What is the tens digit of s(-114)?
2
Let i(l) = 263*l**2 - l + 9. Let c(m) = -527*m**2 + m - 17. Let y(g) = -3*c(g) - 5*i(g). What is the hundreds digit of y(-2)?
0
Let c(p) = p**3 - 22*p**2 - 4*p + 92. Let s be c(22). Suppose 0 = -s*r + i + 3321, 0 = -4*r + i + 4*i + 3325. What is the hundreds digit of r?
8
Suppose -5*j - 2*k + 95 = -k, -5*k - 85 = -3*j. Suppose -j = 5*i - 35. Suppose -5*x = i*f - x - 445, 2*f + x = 300. What is the tens digit of f?
5
Let m(n) = -4*n**2 - 11*n - 12. Let l(s) = -9*s**2 - 23*s - 25. Let p(r) = -6*l(r) + 13*m(r). Let g be p(3). What is the units digit of (-10 + g + 0/1)*-1?
3
Let m(f) = 3*f**2 + 16*f - 11. Let v be m(-6). What is the tens digit of -2 - (v*-388 + 1)?
8
Let b be (6 - (-88)/(-20))/(12/45). Suppose 0 = -4*s + 494 - 30. Suppose -s - 286 = -b*f. What is the tens digit of f?
6
Suppose 3*k + j - 21391 = 0, -65*j = -5*k - 63*j + 35659. What is the tens digit of k?
3
Let f = 9 + 22. Let i = 5681 - 5679. What is the units digit of 2 + 2 - (i - f)?
3
Suppose 3*q + 118 = -o, q + 0*q + 2*o = -31. Let j = q - -41. Suppose 5*i + 4*i - 198 = j. What is the tens digit of i?
2
Let b(a) = 7033*a + 9276. What is the hundreds digit of b(4)?
4
Let w(n) = n**3 + 15*n**2 - 45*n + 5. Let r be w(-17). What is the tens digit of r/480 - (-1)/(5/338)?
6
What is the ten thousands digit of (2/(((-3)/(-6))/(24038/(-4))))/(-2)?
1
Suppose -o = -2*f + 7*f + 4434, 5*f = 6*o - 4441. Let w = f - -1075. What is the tens digit of w?
8
Let f(i) = i**2 + 16*i + 39. Let j be (-3)/3*(-4 - 0). Suppose j*r = -0*r - 3*u - 71, 3*r + 3*u = -54. What is the units digit of f(r)?
6
Let m(o) = 9654*o**3 + 2*o**2 + 22*o - 24. What is the units digit of m(1)?
4
What is the units digit of (200428/3941)/((-1)/(-14))?
2
Let y(o) be the first derivative of -o**2 - 32. Let d be y(-2). What is the units digit of 70*2/(-2 - (-12)/d)?
0
What is the units digit of 1/((36/8 + -4)*(-16)/(-37832))?
9
Let x = -111 + 194. Suppose 904 = 4*o + j, -o - 5*j = x - 328. What is the units digit of o?
5
Suppose 3*h + 30 = -5*y, -4*h = -2*y + h + 19. What is the units digit of 467 + (y - -9) + 5?
8
Let d(x) = 11988*x**2 - 9*x + 8. What is the hundreds digit of d(1)?
9
Let o(u) = 4*u**3 + 11*u**2 + 5*u - 5. What is the hundreds digit of o(13)?
7
Let m be (-3)/(1/(6*(-5)/(-45))). What is the units digit of (-6340)/(-12) + -9 - m/3?
0
Let z(r) = 8*r - 2 - 4*r + 4*r. Let d be z(1). Suppose 4*l = -20, d*l = x + l - 109. What is the units digit of x?
4
Suppose -3*u + 6*u = 5*o - 255, 2*o - 101 = u. Let z be (-63)/(-4) - 36/o. Suppose 0*r = -4*r - 20, x + r - z = 0. What is the tens digit of x?
2
Let d(k) = -21 + 13*k**3 - 9*k**2 + 2*k - 15*k**3 + 3*k**3. Let i be d(9). What is the tens digit of ((-30)/35)/i + (-1153)/(-7)?
6
Let r(q) = 212*q**2 + 86*q - 244. What is the ten thousands digit of r(-12)?
2
Suppose -15*f - 11512 = -17*f. Suppose -11*a = -f - 767. What is the tens digit of a?
9
Suppose f = 3, -2*h - 13*f = -20*f - 9205. What is the thousands digit of h?
4
Suppose 14*g - 141456 = -7*g. What is the thousands digit of g?
6
Suppose 45 = 61*p - 58*p. Suppose p*b + 4113 = 24*b. What is the units digit of b?
7
What is the tens digit of (-1 - -14)/(9*29/541314)?
6
Suppose 5*q = -49*q + 157086. What is the thousands digit of q?
2
Suppose 5*a = 3*w - 105959, -11*a = 2*w - 14*a - 70638. What is the tens digit of w?
1
Let q = -755 + 304. Let a = q - -672. What is the tens digit of a?
2
Let l be -3 + (-12)/(-6) - -2. Let g(w) = 340*w**2 + 2*w + 1. What is the units digit of g(l)?
3
Let k = 14824 - -1924. What is the ten thousands digit of k?
1
Let o(n) = n**2 + 3*n + 43. What is the thousands digit of o(-40)?
1
Let s be ((-69)/(-6) + -2)*-54. Suppose -2732 = -23*b - 3956 - 6849. Let d = b - s. What is the units digit of d?
2
Let g(f) = -f**3 - f**2 - 1. Let d(o) = 293*o**3 + 6*o**2 + 5. Let a(c) = -d(c) - 5*g(c). What is the tens digit of a(-1)?
8
Let b(q) = -3182*q - 1454. What is the ten thousands digit of b(-4)?
1
Suppose -n + 2*i = -0*i - 274, -3*i - 1091 = -4*n. Let m = n + -560. Let d = -156 - m. What is the units digit of d?
2
Let w = 211 - 207. Suppose 3*k - 2*k = 4. Suppose -p + 98 = -k*b, -w*b + 90 = 2*p - p. What is the units digit of p?
4
Suppose 24*z - 122366 = 95650. What is the thousands digit of z?
9
Suppose -o = 2*w - 26305, 2*w = -4*o + 9946 + 16356. What is the tens digit of w?
5
Suppose -1676 = -2*z - s + 18718, 0 = 3*s + 6. What is the thousands digit of z?
0
Suppose 3*u + 812 = 3539. Suppose 7*v - u = 43. What is the hundreds digit of v?
1
Let j be 8275/15 + 6/18. Suppose 4*a + j = 8*a. What is the hundreds digit of a?
1
Let z be (396/(-45) - -8)/((-2)/(-655)). Let u = z - -673. What is the hundreds digit of u?
4
Suppose -1622 = m - 8846. Let b be m/16 + (-9)/(-6). What is the units digit of b/6 - (-12)/(-24)?
5
Let n(r) = 4*r**2 - 35*r + 12. Let o(y) = -2*y**2 - 2. Let z(w) = n(w) - 5*o(w). What is the tens digit of z(-9)?
7
Let q(m) = -39 + 4*m**2 - 2*m**2 + 42*m - 51*m + 0*m**2. What is the units digit of q(16)?
9
Let g(v) = 14*v**2 - 127*v - 574. What is the hundreds digit of g(-47)?
3
Let k be (-8 - -9)/(2/(-10)). Let r(c) = 18*c**2 - 7*c - 57. Let f be r(k). Suppose 2*n - f = j, -n - 3*j + 75 = -146. What is the units digit of n?
5
What is the hundreds digit of (583/4 + (-19)/(-76))/(1/17)?
4
Suppose -5*s - 4*l + 26910 = 0